e -3 + 4 + -3 + (0 - 3).
-5
Calculate (-1 - -1) + (6 - 6).
0
What is the value of -1 - (-14 + 16 + -2 + -1)?
0
What is the value of -24 - -27 - (-1 + 4)?
0
Calculate -1 - (1 + -8) - 2.
4
What is the value of -1 + (-3 - -4) + -6 + 8?
2
Evaluate 4 + (-7 + (-4 - -7) - -5).
5
Evaluate -6 + 1 + -11 + 6 + 10.
0
What is -2 + 7 - 3 - 3?
-1
What is -1 + 4 - (5 + -4) - -1?
3
What is the value of 7 - 15 - (-1 - 3) - -1?
-3
2 + (-2 - (-1 + -3))
4
Evaluate 12 + -7 + (-1 - -11) + -9.
6
4 - (-7 - (-10 + -2))
-1
-2 - -9 - (-10 + 15)
2
Evaluate 1 + -10 - (-2 + -4).
-3
-58 + 50 + (3 - (1 + 0))
-6
What is the value of -19 + 6 + (-2 - -9) + 13?
7
What is 7 + -4 + 3 + -2 - 3?
1
-13 + 8 - -2 - -8
5
-1 + (1 - -2) - -2
4
Evaluate -8 + 10 + (4 - 3).
3
4 + (-2 + -4 - (3 + 0))
-5
4 + (-3 - -2) + (8 - 11)
0
What is the value of (4 - -2) + (6 - 15)?
-3
What is 1 + (1 - -1) - (7 + 0)?
-4
Calculate (2 - 4) + 2 - 4.
-4
10 + -2 + (2 - 5)
5
What is the value of 7 + -8 + -8 + -1?
-10
Evaluate -1 + (5 - -10) - 10.
4
3 + (-4 - 0) + -4
-5
Evaluate 1 + 0 + 1 + 19 + -15.
6
Calculate 2 + -7 + 1 + 2 + 1.
-1
What is 0 + 0 - (21 + -30) - 1?
8
-10 + 11 - (-2 + -2)
5
What is 0 - -1 - (0 - -3)?
-2
Evaluate (-22 - -6) + 11 - (3 - 6).
-2
Evaluate -8 + -3 + 10 + (-1 - -6).
4
Evaluate 3 - (-4 + (3 - (-1 + -8))).
-5
0 - 6 - (-8 + 8 + -10)
4
Calculate -3 - (-7 + 3 + 1) - 3.
-3
What is 4 - (3 - -4) - (9 - 8)?
-4
16 - 15 - (9 - 1)
-7
What is -1 + -3 + (-1 - -4) - 1?
-2
Calculate -9 + 9 + (-1 - -3) + -6.
-4
What is the value of -4 + (-1 - -2) - (1 + -6)?
2
Evaluate 2 + (-2 - 3 - -1) - -3.
1
What is the value of (-7 - -1) + -1 + (-1 - -4)?
-4
4 - ((1 - -4) + 16 + -12)
-5
What is (1 - -5 - (30 - 18)) + -1?
-7
What is 24 + -16 - (1 + -1 + 1)?
7
Evaluate 0 + 1 + 26 + -23.
4
Calculate (7 - 2) + 1 + -5.
1
Evaluate (-24 - -30) + (1 - 6).
1
What is 59 + -47 + (0 - 8)?
4
What is the value of 0 + (10 - (6 - 1)) + -4?
1
What is the value of (0 - (-3 - -3)) + 0 + -1?
-1
What is (7 - 17 - -5) + 4?
-1
Calculate (6 - -8 - 18) + (-1 - -8).
3
0 - (-2 - (-4 + 2 + 3))
3
Evaluate -3 + -1 + (-2 - -2).
-4
What is -10 - (-4 + 0 + 1 + -2)?
-5
34 - 29 - (-1 + 4 - 1)
3
-5 + -1 - (-10 - 6 - -16)
-6
What is the value of (-9 - -3) + 9 - -2?
5
Calculate (-1 - -2) + -4 + 2 + 1.
0
What is the value of 8 - (7 + -8) - 7?
2
Calculate 0 + 2 + -1 + -1 + 2.
2
Evaluate 6 - (4 - 1) - (-1 - -6).
-2
Evaluate -108 + 106 - (-1 - 0).
-1
0 + -6 + (11 - 5) - -6
6
What is the value of 3 - (5 - 0) - -2 - 2?
-2
-7 + (6 + 4 + -1 - 3)
-1
What is the value of (-7 + (7 - 0) - -6) + 3?
9
What is the value of (-13 - -13) + -9 + 0 + 2?
-7
Calculate 4 + -10 + -3 - -2.
-7
Evaluate 5 + (-5 - 1) + 6.
5
(-1 - 0) + -34 + 36
1
What is 6 + (3 + 3 - 11) + 5?
6
9 - (10 - (3 - 1))
1
-3 - -11 - (-1 - 0)
9
What is 8 - (-4 + 10 - 3)?
5
Evaluate 6 + (-15 - -7) - 0.
-2
Evaluate 8 - 5 - (1 + 0 + 2).
0
Evaluate 3 + 1 - (-2 - -3).
3
3 + -2 + -5 + (6 - 4)
-2
-1 + (4 - ((1 - 0) + 2))
0
Calculate (-3 - -9) + 7 + -13.
0
What is 3 + -3 + -7 - -11?
4
-4 + -2 + (6 - (7 - 4))
-3
What is -3 - ((4 - 1) + 41 + -46)?
-1
What is the value of -3 + (-1 + -1 - (23 + -26))?
-2
What is the value of 0 + -1 - ((1 - 7) + 2)?
3
What is the value of (-7 - -3) + (1 - -10) - 4?
3
Calculate 25 - 12 - (4 + 2).
7
What is the value of (-3 - (6 - 6)) + -8 + 6?
-5
-2 + 2 + (-3 - -2) + 4
3
Calculate -5 + (5 + -1 - -1).
0
8 + -1 + -2 - -1
6
Calculate (8 - (2 + -3)) + (-4 - 0).
5
Calculate (-3 - (0 + -10)) + -12.
-5
-12 + 7 + -4 - -19
10
Calculate 6 + -4 - 1 - (11 + -11).
1
What is 2 + 1 + -2 - 3 - -7?
5
Calculate (-2 - -2) + -4 - (-9 - 0).
5
Calculate 2 - (3 + 0 + -3 + 0).
2
Evaluate 15 - (11 + 1 + -2).
5
Calculate 2 + 0 + -1 + -1 + 1.
1
-3 - (2 - ((11 - 3) + -3))
0
Calculate -5 + (-11 + 6 - -12).
2
Evaluate (-5 - -10 - 11) + (-1 - -3).
-4
What is 7 + -8 + 3 + -1?
1
Calculate (13 - 4) + -2 + (-1 - 2).
4
Evaluate 8 + -9 + -3 - -8.
4
What is 94 + -96 - (2 - -1)?
-5
Calculate (-2 - 2) + 1 + 0 + 4.
1
Evaluate -8 - (5 - (4 - (-1 + -1))).
-7
Evaluate -22 + 19 - (2 - 5).
0
What is (-8 - -4) + 1 - 1 - -1?
-3
Calculate 26 + -21 - (-5 + 2 + 2).
6
What is 2 - 4 - (1 + -3 + 0)?
0
(4 - 2) + -2 + -1
-1
Calculate 0 + (4 - -1) + (27 - 27).
5
Calculate -1 + (-4 - -13) + (-3 - -1).
6
Calculate -3 + (-5 - -2 - -3).
-3
Calculate -43 + 32 + (15 - 4).
0
What is the value of -2 + (9 - (7 - 4))?
4
(11 - 3) + (3 - 12)
-1
What is the value of 1 - (0 + 2) - (1 + 1)?
-3
Evaluate 0 - (4 - 6 - -4).
-2
-1 - 5 - (-18 + 16)
-4
Calculate -9 - (3 - (-3 - -5) - 5).
-5
What is 6 - 1 - (11 - 2)?
-4
What is 1 + -5 - -8 - 4?
0
-2 + 4 + -3 + 10 + -8
1
Calculate (4 - 4) + 6 + -4 + 3.
5
What is -5 + 3 + 1 - (-3 + 3)?
-1
Calculate (-5 - (-3 + 1)) + -1 + 9.
5
What is the value of -10 + (-11 + 9 - -19)?
7
-1 + -2 + (2 - 0 - -3)
2
What is 9 - ((7 - 8) + 7)?
3
What is -3 - (7 + -11) - 6?
-5
Calculate 2 + -4 + 9 + -1.
6
What is the value of 12 + 0 - (137 + -130)?
5
What is the value of -5 - -6 - (-2 + -1)?
4
What is the value of 1 - ((13 - 2) + -10)?
0
0 - (2 + (2 - 6))
2
What is -2 - (9 + -6 + 0 + 0)?
-5
Calculate -9 + 7 + -3 + (4 - 1).
-2
Calculate (-3 - (1 - 1)) + -4 + 3.
-4
What is the value of -7 + 10 - (-3 + 0 + 3)?
3
Calculate (-1 - -24 - 2) + -12.
9
0 - 0 - (-12 - (3 + -9))
6
What is -11 + 5 + 3 - 3?
-6
Calculate 6 + (9 - 4) + -8.
3
(-21 - -25) + (-4 - 1)
-1
Calculate -5 - (-1 + (4 - 5)).
-3
Calculate (87 - 82) + 0 + 5 + -2.
8
Evaluate 7 - (-4 + 7) - 0 - -2.
6
-9 + (10 - 10 - -2)
-7
What is the value of 3 + (-3 - -1) - -3 - 8?
-4
1 - (5 + 1 - 7 - -3)
-1
What is the value of (-2 - -2) + 7 + -10 + 8?
5
Calculate -2 + 1 - -1 - -3.
3
23 + -29 + (3 - -8)
5
Calculate 1 + (-1 - 3) - -5.
2
Evaluate -2 + 1 - ((9 - 5) + -4).
-1
Evaluate -1 - -5 - ((-5 - -3) + 10).
-4
What is the value of 0 - -4 - (5 + (2 - 0))?
-3
Evaluate -1 + 1 + -10 + 6.
-4
-3 + 1 - (-11 - -7)
2
Calculate (-4 - (-24 + 7 - -6)) + -6.
1
Calculate 7 + -11 + -4 - -10.
2
Calculate (11 - 1) + (56 - 61).
5
Evaluate 0 - 4 - (7 - 7).
-4
Calculate -1 + 2 + -5 + 1 + -1.
-4
Evaluate -2 + (-4 - -4) + 1.
-1
What is the value of 0 + -1 - (-3 + 6)?
-4
Calculate (4 - 1) + 1 - 0.
4
(4 - 2) + (-4 - -8 - 2)
4
What is the value of 2 + -2 + 1 + (67 - 64)?
4
Calculate -4 - (-4 + 1 - 5).
4
What is the value of -5 - (-3 - 3 - -1)?
0
-1 + 3 + -1 + 9 - 5
5
(-5 - -4 - 2) + 0
-3
0 + -1 + -5 + -5 + 7
-4
Evaluate 0 - 1 - -3 - 0 - 2.
0
Evaluate 3 + -2 - (-40 + 35).
6
What is -4 - (6 - (6 + 0))?
-4
14 - 10 - (2 - (-3 + 5))
4
Evaluate -1 - (-5 + 5 + -8).
7
Evaluate -2 - (2 + (-1 + -2 - 1)).
0
-6 - (13 + -16 - (-2 + 1))
-4
Evaluate -7 - (4 + 0 + (2 - 8)).
-5
Evaluate -6 - (-7 + 10 + -7 + -7).
5
What is the value of (8 - 13) + 2 - 3?
-6
What is the value of -12 - (-9 + 9) - -9?
-3
Evaluate -4 + (-8 + 9 - -1).
-2
What is the value of 1 - ((6 - 6) + -2)?
3
(2 - -7 - 0) + -7
2
Calculate 3 + -15 + (8 - 1).
-5
0 - -1 - (16 + -18 + -2)
5
What is 0 + 0 + -5 + 47 + -47?
-5
Calculate 0 - 3 - (-111 - -100).
8
(1 - 3 - -3) + 0
1
7 + -16 + 2 + 8
1
Evaluate 4 - (-5 - -2 - (6 + -9)).
4
What is 1 + 2 + 2 - (28 - 31)?
8
What is the value of 5 + 1 - (-5 + 11)?
0
Evaluate -4 + 1 + 3 - 5.
-5
Evaluate (7 - -1) + (-7 - -3).
4
6 + -7 + 3 + -2
0
What is -3 - (3 - 8 - -1 - -6)?
-5
(-7 - -4 - -4) + -1 + 0
0
What is the value of 4 + (-6 - (1 + 2))?
-5
Calculate 1 + 7 + (-2 - 2).
4
Evaluate (6 - 0) + 1 + -12 + 9.
4
What is the value of -2 - -3 - (-14 + 6)?
9
What is the value of 11 - (19 - 9 - -5)?
-4
-11 + (16 - (-7 + 8))
4
Evaluate 4 - (0 + 6 - 0).
-2
What is 9 + -1 + -13 - -15?
10
Calculate 6 + -10 + (0 - -13).
9
Calculate -85 + 90 - (-2 + 15 + 2).
-10
What is the value of 14 - 5 - -2 - 6?
5
What is -6 - (1 - 2 - 1)?
-4
Evaluate -3 + 1 + -4 + 4 + 1.
-1
What is the value of 8 + -13 + (3 - 1)?
-3
(9 - (-4 + 17)) + (1 - -10)
7
What is 1 + -3 - ((4 - 8) + 4)?
-2
Calculate (1 - (-3 + -6)) + (-31 - -25).
4
Calculate 1 + -7 + 117 + -113.
-2
What is -1 + 2 - (2 - -3)?
-4
Calculate (-1 - -1) + 2 - (25 - 24).
1
What is the value of 5 - (-11 + 7 + 3)?
6
What is the value of (52 - 54) + 2 + (-5 - 1)?
-6
Evaluate 0 - 8 - (11 - -3 - 19).
-3
What is the value of -2 + (-5 - -17) + -5 + -4?
1
-3 - -2 - (10 - 6)
-5
Evaluate -8 + 3 + 0 - (14 - 14).
-5
-3 + 3 + -2 + -1
-3
Calculate 1 + 2 + (-4 - 0).
-1
Evaluate -5 - (4 + -5 + -4).
0
What is the value of 2 + (